factors of 302380.
2, 5, 13, 1163
List the prime factors of 212619.
3, 11, 17, 379
List the prime factors of 283555.
5, 56711
List the prime factors of 10012886.
2, 13, 19, 20269
What are the prime factors of 1720540?
2, 5, 86027
What are the prime factors of 93645?
3, 5, 2081
What are the prime factors of 12183798?
2, 3, 11, 17, 10859
What are the prime factors of 559209?
3, 7, 31, 859
What are the prime factors of 1256586?
2, 3, 209431
List the prime factors of 22511799.
3, 37, 67, 1009
List the prime factors of 657956.
2, 13, 12653
What are the prime factors of 564151?
7, 83, 971
List the prime factors of 422299.
347, 1217
What are the prime factors of 1070388?
2, 3, 11, 17, 53
What are the prime factors of 176890?
2, 5, 7, 19
List the prime factors of 177829.
79, 2251
What are the prime factors of 25131705?
3, 5, 1675447
What are the prime factors of 305684?
2, 76421
List the prime factors of 710058.
2, 3, 118343
What are the prime factors of 170508?
2, 3, 13, 1093
List the prime factors of 497379.
3, 29, 5717
What are the prime factors of 194789?
7, 27827
What are the prime factors of 635226?
2, 3, 105871
What are the prime factors of 2222151?
3, 740717
What are the prime factors of 4361205?
3, 5, 167, 1741
List the prime factors of 18379027.
18379027
List the prime factors of 1183104.
2, 3, 13, 79
What are the prime factors of 1341793?
17, 78929
List the prime factors of 825356.
2, 7, 4211
List the prime factors of 7238985.
3, 5, 13, 37123
What are the prime factors of 29469730?
2, 5, 2946973
List the prime factors of 1271871.
3, 141319
List the prime factors of 28042127.
47, 61, 9781
What are the prime factors of 2203750?
2, 5, 41, 43
What are the prime factors of 21290382?
2, 3, 131, 9029
List the prime factors of 142160.
2, 5, 1777
What are the prime factors of 78789?
3, 26263
What are the prime factors of 374753?
374753
What are the prime factors of 1033531?
29, 157, 227
What are the prime factors of 2676780?
2, 3, 5, 4957
What are the prime factors of 1624976?
2, 101561
What are the prime factors of 3119633?
11, 53, 5351
What are the prime factors of 268809?
3, 89603
List the prime factors of 2448611.
11, 222601
List the prime factors of 12521092.
2, 103, 30391
List the prime factors of 7888.
2, 17, 29
What are the prime factors of 198321?
3, 66107
List the prime factors of 322473.
3, 17, 6323
What are the prime factors of 6633622?
2, 19, 174569
List the prime factors of 22075903.
22075903
What are the prime factors of 2972482?
2, 1486241
What are the prime factors of 1378446?
2, 3, 31, 7411
List the prime factors of 4121357.
31, 132947
List the prime factors of 13091668.
2, 127, 25771
What are the prime factors of 5856588?
2, 3, 162683
What are the prime factors of 125592?
2, 3, 5233
List the prime factors of 1923602.
2, 827, 1163
What are the prime factors of 3834760?
2, 5, 95869
List the prime factors of 60872.
2, 7, 1087
What are the prime factors of 1256281?
13, 41, 2357
What are the prime factors of 651237?
3, 37, 5867
List the prime factors of 1799578.
2, 11, 81799
What are the prime factors of 728435?
5, 145687
What are the prime factors of 10445?
5, 2089
What are the prime factors of 755033?
755033
List the prime factors of 709702.
2, 7, 163, 311
List the prime factors of 410111.
13, 31547
What are the prime factors of 8928738?
2, 3, 7, 13, 23, 79
What are the prime factors of 1381460?
2, 5, 69073
What are the prime factors of 2748347?
7, 197, 1993
List the prime factors of 4349208.
2, 3, 23, 7879
What are the prime factors of 4487985?
3, 5, 99733
What are the prime factors of 12998173?
683, 19031
What are the prime factors of 1337045?
5, 29, 9221
What are the prime factors of 16195269?
3, 73, 73951
What are the prime factors of 925754?
2, 433, 1069
What are the prime factors of 1880215?
5, 29, 12967
What are the prime factors of 1097905?
5, 23, 9547
What are the prime factors of 241963?
241963
List the prime factors of 5868841.
11, 23, 23197
List the prime factors of 423709.
11, 13, 2963
List the prime factors of 8952824.
2, 109, 10267
What are the prime factors of 269720?
2, 5, 11, 613
List the prime factors of 1224729.
3, 11, 89, 139
What are the prime factors of 654843?
3, 7, 31183
List the prime factors of 2427541.
2427541
List the prime factors of 6390484.
2, 1597621
What are the prime factors of 2045924?
2, 97, 5273
List the prime factors of 1735788.
2, 3, 79, 1831
What are the prime factors of 4560007?
31, 147097
List the prime factors of 4040893.
23, 175691
What are the prime factors of 847026?
2, 3, 47057
What are the prime factors of 1455180?
2, 3, 5, 79, 307
What are the prime factors of 5965767?
3, 101, 6563
List the prime factors of 527375.
5, 4219
What are the prime factors of 401962?
2, 11, 151
What are the prime factors of 81136?
2, 11, 461
List the prime factors of 3169442.
2, 1584721
List the prime factors of 304056.
2, 3, 41, 103
What are the prime factors of 270089?
23, 11743
What are the prime factors of 2284817?
17, 134401
What are the prime factors of 5859162?
2, 3, 108503
List the prime factors of 11534913.
3, 13, 59, 557
List the prime factors of 20829999.
3, 103, 67411
What are the prime factors of 3839526?
2, 3, 213307
What are the prime factors of 9015398?
2, 7, 643957
List the prime factors of 6207756.
2, 3, 19, 1433
List the prime factors of 1752804.
2, 3, 181, 269
What are the prime factors of 72647?
72647
What are the prime factors of 2288304?
2, 3, 5297
List the prime factors of 315036.
2, 3, 2917
What are the prime factors of 2610?
2, 3, 5, 29
What are the prime factors of 5550858?
2, 3, 359, 859
List the prime factors of 3030692.
2, 7, 17, 6367
What are the prime factors of 1579530?
2, 3, 5, 37, 1423
List the prime factors of 170149.
7, 109, 223
List the prime factors of 6900533.
6900533
What are the prime factors of 2671848?
2, 3, 43, 863
What are the prime factors of 5027177?
31, 257, 631
What are the prime factors of 254450?
2, 5, 7, 727
What are the prime factors of 994801?
199, 4999
What are the prime factors of 1074862?
2, 59, 9109
What are the prime factors of 296133?
3, 98711
List the prime factors of 41808.
2, 3, 13, 67
What are the prime factors of 698024?
2, 87253
List the prime factors of 2005495.
5, 29, 13831
What are the prime factors of 6971306?
2, 1861, 1873
List the prime factors of 464872.
2, 58109
What are the prime factors of 352558?
2, 409, 431
What are the prime factors of 373239?
3, 113, 367
What are the prime factors of 8191876?
2, 7, 11, 26597
List the prime factors of 2505820.
2, 5, 349, 359
List the prime factors of 35049062.
2, 17524531
What are the prime factors of 666868?
2, 293, 569
What are the prime factors of 6559637?
7, 17, 199, 277
What are the prime factors of 1308220?
2, 5, 149, 439
List the prime factors of 210571.
43, 59, 83
List the prime factors of 13710382.
2, 7, 979313
What are the prime factors of 133331?
11, 17, 23, 31
List the prime factors of 8684818.
2, 4342409
What are the prime factors of 403261?
403261
List the prime factors of 62046.
2, 3, 383
List the prime factors of 606014.
2, 303007
What are the prime factors of 536341?
13, 41257
List the prime factors of 8719935.
3, 5, 7, 83047
What are the prime factors of 211541?
11, 19231
List the prime factors of 2791957.
7, 67, 5953
What are the prime factors of 32250785?
5, 7, 17, 67, 809
What are the prime factors of 298553?
37, 8069
List the prime factors of 24459784.
2, 71, 43063
List the prime factors of 347931.
3, 67, 577
List the prime factors of 454131.
3, 50459
What are the prime factors of 5552186?
2, 127, 21859
List the prime factors of 245921.
13, 18917
What are the prime factors of 138879?
3, 13, 1187
What are the prime factors of 1013723?
113, 8971
List the prime factors of 4115121.
3, 61, 113, 199
What are the prime factors of 1467562?
2, 139, 5279
List the prime factors of 4202035.
5, 47, 17881
List the prime factors of 408352.
2, 7, 1823
What are the prime factors of 1391832?
2, 3, 13, 1487
What are the prime factors of 462308?
2, 7, 11, 19, 79
What are the prime factors of 4619689?
1999, 2311
List the prime factors of 1035193.
113, 9161
List the prime factors of 11531805.
3, 5, 768787
What are the prime factors of 15903522?
2, 3, 67, 13187
What are the prime factors of 1